{"id":626,"date":"2025-08-06T08:29:53","date_gmt":"2025-08-06T08:29:53","guid":{"rendered":"https:\/\/namastecenter.es\/privacy-policy\/"},"modified":"2025-08-06T08:42:43","modified_gmt":"2025-08-06T08:42:43","slug":"privacy-policy","status":"publish","type":"page","link":"https:\/\/namastecenter.es\/es\/privacy-policy\/","title":{"rendered":"Pol\u00edtica de privacidad"},"content":{"rendered":"\n<p><strong>1. <\/strong>. Informaci\u00f3n del Responsable del Tratamiento<\/p>\n\n\n\n<ul class=\"wp-block-list\">\n<li><strong>Responsable:<\/strong> Antonio Jes\u00fas Priego Guijarro<\/li>\n\n\n\n<li><strong>NIF:<\/strong> 26969701Q<\/li>\n\n\n\n<li><strong>Direcci\u00f3n:<\/strong> Avenida 8 de Marzo 22, Locales 104-105, 35100 San Bartolom\u00e9 de Tirajana, Las Palmas, Espa\u00f1a<\/li>\n\n\n\n<li><strong>Tel\u00e9fono:<\/strong> 638 456 633<\/li>\n\n\n\n<li><strong>Correo electr\u00f3nico:<\/strong> <a>namaste-gc@hotmail.com<\/a><\/li>\n<\/ul>\n\n\n\n<hr class=\"wp-block-separator has-alpha-channel-opacity\"\/>\n\n\n\n<h3 class=\"wp-block-heading\">2. Finalidades del tratamiento de los datos<\/h3>\n\n\n\n<p>Los datos personales que el usuario proporcione a trav\u00e9s de este sitio web podr\u00e1n ser tratados con las siguientes finalidades:<\/p>\n\n\n\n<ul class=\"wp-block-list\">\n<li>Atender solicitudes o consultas realizadas a trav\u00e9s del formulario de contacto u otros medios.<\/li>\n\n\n\n<li>Gestionar citas, reservas o servicios contratados.<\/li>\n\n\n\n<li>Enviar informaci\u00f3n comercial relacionada con nuestros productos o servicios, si el usuario ha dado su consentimiento.<\/li>\n\n\n\n<li>Cumplir con obligaciones legales aplicables.<\/li>\n<\/ul>\n\n\n\n<hr class=\"wp-block-separator has-alpha-channel-opacity\"\/>\n\n\n\n<h3 class=\"wp-block-heading\">3. Base legal para el tratamiento<\/h3>\n\n\n\n<p>La base legal para el tratamiento de los datos personales es:<\/p>\n\n\n\n<ul class=\"wp-block-list\">\n<li>El consentimiento del interesado (art\u00edculo 6.1.a RGPD).<\/li>\n\n\n\n<li>La ejecuci\u00f3n de un contrato o la aplicaci\u00f3n de medidas precontractuales (art\u00edculo 6.1.b RGPD).<\/li>\n\n\n\n<li>El cumplimiento de obligaciones legales (art\u00edculo 6.1.c RGPD).<\/li>\n<\/ul>\n\n\n\n<hr class=\"wp-block-separator has-alpha-channel-opacity\"\/>\n\n\n\n<h3 class=\"wp-block-heading\">4. Conservaci\u00f3n de los datos<\/h3>\n\n\n\n<p>Los datos personales se conservar\u00e1n mientras se mantenga la relaci\u00f3n con el usuario, mientras sean necesarios para cumplir con las finalidades descritas o durante los plazos exigidos por la legislaci\u00f3n aplicable.<\/p>\n\n\n\n<hr class=\"wp-block-separator has-alpha-channel-opacity\"\/>\n\n\n\n<h3 class=\"wp-block-heading\">5. Destinatarios de los datos<\/h3>\n\n\n\n<p>No se ceder\u00e1n datos a terceros, salvo obligaci\u00f3n legal o en los casos necesarios para la prestaci\u00f3n del servicio (por ejemplo, proveedores tecnol\u00f3gicos, plataformas de pago, etc.), siempre bajo contratos que garanticen la protecci\u00f3n adecuada de los datos.<\/p>\n\n\n\n<hr class=\"wp-block-separator has-alpha-channel-opacity\"\/>\n\n\n\n<h3 class=\"wp-block-heading\">6. Derechos del usuario<\/h3>\n\n\n\n<p>El usuario puede ejercer los siguientes derechos en relaci\u00f3n con sus datos personales:<\/p>\n\n\n\n<ul class=\"wp-block-list\">\n<li>Derecho de acceso<\/li>\n\n\n\n<li>Derecho de rectificaci\u00f3n<\/li>\n\n\n\n<li>Derecho de supresi\u00f3n<\/li>\n\n\n\n<li>Derecho a la limitaci\u00f3n del tratamiento<\/li>\n\n\n\n<li>Derecho de oposici\u00f3n<\/li>\n\n\n\n<li>Derecho a la portabilidad<\/li>\n<\/ul>\n\n\n\n<p>Para ejercer estos derechos, el usuario puede contactar enviando un correo electr\u00f3nico a <strong><a>namaste-gc@hotmail.com<\/a><\/strong>, adjuntando una copia de su DNI o documento identificativo.<\/p>\n\n\n\n<hr class=\"wp-block-separator has-alpha-channel-opacity\"\/>\n\n\n\n<h3 class=\"wp-block-heading\">7. Seguridad de los datos<\/h3>\n\n\n\n<p>Antonio Jes\u00fas Priego Guijarro ha adoptado las medidas t\u00e9cnicas y organizativas necesarias para garantizar la seguridad y confidencialidad de los datos personales y evitar su alteraci\u00f3n, p\u00e9rdida, tratamiento o acceso no autorizado.<\/p>\n\n\n\n<hr class=\"wp-block-separator has-alpha-channel-opacity\"\/>\n\n\n\n<h3 class=\"wp-block-heading\">8. Cambios en la pol\u00edtica de privacidad<\/h3>\n\n\n\n<p>Nos reservamos el derecho a modificar esta Pol\u00edtica de Privacidad para adaptarla a novedades legislativas o jurisprudenciales. En caso de cambios significativos, se informar\u00e1 a los usuarios a trav\u00e9s del sitio web.<\/p>\n","protected":false},"excerpt":{"rendered":"<p>1. . Informaci\u00f3n del Responsable del Tratamiento 2. Finalidades del tratamiento de los datos Los datos personales que el usuario [&hellip;]<\/p>\n","protected":false},"author":1,"featured_media":0,"parent":0,"menu_order":0,"comment_status":"closed","ping_status":"closed","template":"","meta":{"_uag_custom_page_level_css":"","site-sidebar-layout":"default","site-content-layout":"","ast-site-content-layout":"default","site-content-style":"default","site-sidebar-style":"default","ast-global-header-display":"","ast-banner-title-visibility":"","ast-main-header-display":"","ast-hfb-above-header-display":"","ast-hfb-below-header-display":"","ast-hfb-mobile-header-display":"","site-post-title":"","ast-breadcrumbs-content":"","ast-featured-img":"","footer-sml-layout":"","ast-disable-related-posts":"","theme-transparent-header-meta":"","adv-header-id-meta":"","stick-header-meta":"","header-above-stick-meta":"","header-main-stick-meta":"","header-below-stick-meta":"","astra-migrate-meta-layouts":"default","ast-page-background-enabled":"default","ast-page-background-meta":{"desktop":{"background-color":"var(--ast-global-color-4)","background-image":"","background-repeat":"repeat","background-position":"center center","background-size":"auto","background-attachment":"scroll","background-type":"","background-media":"","overlay-type":"","overlay-color":"","overlay-opacity":"","overlay-gradient":""},"tablet":{"background-color":"","background-image":"","background-repeat":"repeat","background-position":"center center","background-size":"auto","background-attachment":"scroll","background-type":"","background-media":"","overlay-type":"","overlay-color":"","overlay-opacity":"","overlay-gradient":""},"mobile":{"background-color":"","background-image":"","background-repeat":"repeat","background-position":"center center","background-size":"auto","background-attachment":"scroll","background-type":"","background-media":"","overlay-type":"","overlay-color":"","overlay-opacity":"","overlay-gradient":""}},"ast-content-background-meta":{"desktop":{"background-color":"var(--ast-global-color-5)","background-image":"","background-repeat":"repeat","background-position":"center center","background-size":"auto","background-attachment":"scroll","background-type":"","background-media":"","overlay-type":"","overlay-color":"","overlay-opacity":"","overlay-gradient":""},"tablet":{"background-color":"var(--ast-global-color-5)","background-image":"","background-repeat":"repeat","background-position":"center center","background-size":"auto","background-attachment":"scroll","background-type":"","background-media":"","overlay-type":"","overlay-color":"","overlay-opacity":"","overlay-gradient":""},"mobile":{"background-color":"var(--ast-global-color-5)","background-image":"","background-repeat":"repeat","background-position":"center center","background-size":"auto","background-attachment":"scroll","background-type":"","background-media":"","overlay-type":"","overlay-color":"","overlay-opacity":"","overlay-gradient":""}},"_joinchat":[],"footnotes":""},"class_list":["post-626","page","type-page","status-publish","hentry"],"uagb_featured_image_src":{"full":false,"thumbnail":false,"medium":false,"medium_large":false,"large":false,"1536x1536":false,"2048x2048":false,"mailpoet_newsletter_max":false,"woocommerce_thumbnail":false,"woocommerce_single":false,"woocommerce_gallery_thumbnail":false},"uagb_author_info":{"display_name":"admin","author_link":"https:\/\/namastecenter.es\/es\/author\/namaste-gc_hk0c91lh\/"},"uagb_comment_info":0,"uagb_excerpt":"1. . Informaci\u00f3n del Responsable del Tratamiento 2. Finalidades del tratamiento de los datos Los datos personales que el usuario [&hellip;]","_links":{"self":[{"href":"https:\/\/namastecenter.es\/es\/wp-json\/wp\/v2\/pages\/626","targetHints":{"allow":["GET"]}}],"collection":[{"href":"https:\/\/namastecenter.es\/es\/wp-json\/wp\/v2\/pages"}],"about":[{"href":"https:\/\/namastecenter.es\/es\/wp-json\/wp\/v2\/types\/page"}],"author":[{"embeddable":true,"href":"https:\/\/namastecenter.es\/es\/wp-json\/wp\/v2\/users\/1"}],"replies":[{"embeddable":true,"href":"https:\/\/namastecenter.es\/es\/wp-json\/wp\/v2\/comments?post=626"}],"version-history":[{"count":2,"href":"https:\/\/namastecenter.es\/es\/wp-json\/wp\/v2\/pages\/626\/revisions"}],"predecessor-version":[{"id":632,"href":"https:\/\/namastecenter.es\/es\/wp-json\/wp\/v2\/pages\/626\/revisions\/632"}],"wp:attachment":[{"href":"https:\/\/namastecenter.es\/es\/wp-json\/wp\/v2\/media?parent=626"}],"curies":[{"name":"wp","href":"https:\/\/api.w.org\/{rel}","templated":true}]}}

Política de privacidad

<p><strong>1. </strong>. Información del Responsable del Tratamiento</p>



<ul class="wp-block-list">
<li><strong>Responsable:</strong> Antonio Jesús Priego Guijarro</li>



<li><strong>NIF:</strong> 26969701Q</li>



<li><strong>Dirección:</strong> Avenida 8 de Marzo 22, Locales 104-105, 35100 San Bartolomé de Tirajana, Las Palmas, España</li>



<li><strong>Teléfono:</strong> 638 456 633</li>



<li><strong>Correo electrónico:</strong> <a>namaste-gc@hotmail.com</a></li>
</ul>



<hr class="wp-block-separator has-alpha-channel-opacity"/>



<h3 class="wp-block-heading">2. Finalidades del tratamiento de los datos</h3>



<p>Los datos personales que el usuario proporcione a través de este sitio web podrán ser tratados con las siguientes finalidades:</p>



<ul class="wp-block-list">
<li>Atender solicitudes o consultas realizadas a través del formulario de contacto u otros medios.</li>



<li>Gestionar citas, reservas o servicios contratados.</li>



<li>Enviar información comercial relacionada con nuestros productos o servicios, si el usuario ha dado su consentimiento.</li>



<li>Cumplir con obligaciones legales aplicables.</li>
</ul>



<hr class="wp-block-separator has-alpha-channel-opacity"/>



<h3 class="wp-block-heading">3. Base legal para el tratamiento</h3>



<p>La base legal para el tratamiento de los datos personales es:</p>



<ul class="wp-block-list">
<li>El consentimiento del interesado (artículo 6.1.a RGPD).</li>



<li>La ejecución de un contrato o la aplicación de medidas precontractuales (artículo 6.1.b RGPD).</li>



<li>El cumplimiento de obligaciones legales (artículo 6.1.c RGPD).</li>
</ul>



<hr class="wp-block-separator has-alpha-channel-opacity"/>



<h3 class="wp-block-heading">4. Conservación de los datos</h3>



<p>Los datos personales se conservarán mientras se mantenga la relación con el usuario, mientras sean necesarios para cumplir con las finalidades descritas o durante los plazos exigidos por la legislación aplicable.</p>



<hr class="wp-block-separator has-alpha-channel-opacity"/>



<h3 class="wp-block-heading">5. Destinatarios de los datos</h3>



<p>No se cederán datos a terceros, salvo obligación legal o en los casos necesarios para la prestación del servicio (por ejemplo, proveedores tecnológicos, plataformas de pago, etc.), siempre bajo contratos que garanticen la protección adecuada de los datos.</p>



<hr class="wp-block-separator has-alpha-channel-opacity"/>



<h3 class="wp-block-heading">6. Derechos del usuario</h3>



<p>El usuario puede ejercer los siguientes derechos en relación con sus datos personales:</p>



<ul class="wp-block-list">
<li>Derecho de acceso</li>



<li>Derecho de rectificación</li>



<li>Derecho de supresión</li>



<li>Derecho a la limitación del tratamiento</li>



<li>Derecho de oposición</li>



<li>Derecho a la portabilidad</li>
</ul>



<p>Para ejercer estos derechos, el usuario puede contactar enviando un correo electrónico a <strong><a>namaste-gc@hotmail.com</a></strong>, adjuntando una copia de su DNI o documento identificativo.</p>



<hr class="wp-block-separator has-alpha-channel-opacity"/>



<h3 class="wp-block-heading">7. Seguridad de los datos</h3>



<p>Antonio Jesús Priego Guijarro ha adoptado las medidas técnicas y organizativas necesarias para garantizar la seguridad y confidencialidad de los datos personales y evitar su alteración, pérdida, tratamiento o acceso no autorizado.</p>



<hr class="wp-block-separator has-alpha-channel-opacity"/>



<h3 class="wp-block-heading">8. Cambios en la política de privacidad</h3>



<p>Nos reservamos el derecho a modificar esta Política de Privacidad para adaptarla a novedades legislativas o jurisprudenciales. En caso de cambios significativos, se informará a los usuarios a través del sitio web.</p>

<p>1. . Información del Responsable del Tratamiento 2. Finalidades del tratamiento de los datos Los datos personales que el usuario [&hellip;]</p>

1. . Información del Responsable del Tratamiento 2. Finalidades del tratamiento de los datos Los datos personales que el usuario [&hellip;]
